{"id":90,"date":"2011-02-20T07:19:47","date_gmt":"2011-02-20T07:19:47","guid":{"rendered":"http:\/\/localhost:8888\/wordpress\/?page_id=90"},"modified":"2011-04-03T10:51:18","modified_gmt":"2011-04-03T10:51:18","slug":"chandals","status":"publish","type":"page","link":"https:\/\/xn--uniformestoimartin-x0b.es\/?page_id=90","title":{"rendered":"Chandals"},"content":{"rendered":"<div class=\"articulo\">\n<div class=\"col-izquierda\">\n<a href=\"http:\/\/www.uniformesto\u00f1imartin.es\/wp-content\/uploads\/2011\/04\/chandal01.png\"><img loading=\"lazy\" class=\"alignnone size-medium wp-image-91\" title=\"Chandal modelo 01\" src=\"http:\/\/www.uniformesto\u00f1imartin.es\/wp-content\/uploads\/2011\/04\/chandal01-300x296.png\" alt=\"\" width=\"300\" height=\"296\" \/><\/a>\n<\/div>\n<div class=\"col-derecha\">\n<h2>Modelo 01<\/h2>\n<p class=\"small\">ref. #1543_63<\/p>\n<ul class=\"caracteristicas\">\n<li>100% POLI\u00c9STER<\/li>\n<li>80% POLI\u00c9STER 20% ALGOD\u00d3N<\/li>\n<li>50% POLI\u00c9STER 50% ALGOD\u00d3N<\/li>\n<\/ul>\n<p><img src=\"http:\/\/www.uniformesto\u00f1imartin.es\/wp-content\/uploads\/2011\/02\/color1.png\"\/><\/p>\n<\/div>\n<div class=\"clear\"><\/div>\n<\/div>\n<div class=\"articulo\">\n<div class=\"col-izquierda\">\n<a href=\"http:\/\/www.uniformesto\u00f1imartin.es\/wp-content\/uploads\/2011\/04\/chandal02.png\"><img loading=\"lazy\" class=\"alignnone size-medium wp-image-91\" title=\"Chandal modelo 02\" src=\"http:\/\/www.uniformesto\u00f1imartin.es\/wp-content\/uploads\/2011\/04\/chandal02-300x294.png\" alt=\"\" width=\"300\" height=\"294\" \/><\/a>\n<\/div>\n<div class=\"col-derecha\">\n<h2>Modelo 02<\/h2>\n<p class=\"small\">ref. #1543_64<\/p>\n<ul class=\"caracteristicas\">\n<li>100% POLI\u00c9STER<\/li>\n<li>80% POLI\u00c9STER 20% ALGOD\u00d3N<\/li>\n<li>50% POLI\u00c9STER 50% ALGOD\u00d3N<\/li>\n<\/ul>\n<p><img src=\"http:\/\/www.uniformesto\u00f1imartin.es\/wp-content\/uploads\/2011\/02\/color1.png\"\/><\/p>\n<\/div>\n<div class=\"clear\"><\/div>\n<\/div>\n<div class=\"articulo\">\n<div class=\"col-izquierda\">\n<a href=\"http:\/\/www.uniformesto\u00f1imartin.es\/wp-content\/uploads\/2011\/04\/chandal03.png\"><img loading=\"lazy\" class=\"alignnone size-medium wp-image-91\" title=\"Chandal modelo 03\" src=\"http:\/\/www.uniformesto\u00f1imartin.es\/wp-content\/uploads\/2011\/04\/chandal03-300x295.png\" alt=\"\" width=\"300\" height=\"295\" \/><\/a>\n<\/div>\n<div class=\"col-derecha\">\n<h2>Modelo 03<\/h2>\n<p class=\"small\">ref. #1543_65<\/p>\n<ul class=\"caracteristicas\">\n<li>100% POLI\u00c9STER<\/li>\n<li>80% POLI\u00c9STER 20% ALGOD\u00d3N<\/li>\n<li>50% POLI\u00c9STER 50% ALGOD\u00d3N<\/li>\n<\/ul>\n<p><img src=\"http:\/\/www.uniformesto\u00f1imartin.es\/wp-content\/uploads\/2011\/02\/color1.png\"\/><\/p>\n<\/div>\n<div class=\"clear\"><\/div>\n<\/div>\n<div class=\"articulo\">\n<div class=\"col-izquierda\">\n<a href=\"http:\/\/www.uniformesto\u00f1imartin.es\/wp-content\/uploads\/2011\/04\/chandal04.png\"><img loading=\"lazy\" class=\"alignnone size-medium wp-image-91\" title=\"Chandal modelo 04\" src=\"http:\/\/www.uniformesto\u00f1imartin.es\/wp-content\/uploads\/2011\/04\/chandal04-300x295.png\" alt=\"\" width=\"300\" height=\"295\" \/><\/a>\n<\/div>\n<div class=\"col-derecha\">\n<h2>Modelo 04<\/h2>\n<p class=\"small\">ref. #1543_66<\/p>\n<ul class=\"caracteristicas\">\n<li>100% POLI\u00c9STER<\/li>\n<li>80% POLI\u00c9STER 20% ALGOD\u00d3N<\/li>\n<li>50% POLI\u00c9STER 50% ALGOD\u00d3N<\/li>\n<\/ul>\n<p><img src=\"http:\/\/www.uniformesto\u00f1imartin.es\/wp-content\/uploads\/2011\/02\/color1.png\"\/><\/p>\n<\/div>\n<div class=\"clear\"><\/div>\n<\/div>\n<div class=\"articulo\">\n<div class=\"col-izquierda\">\n<a href=\"http:\/\/www.uniformesto\u00f1imartin.es\/wp-content\/uploads\/2011\/04\/chandal05.png\"><img loading=\"lazy\" class=\"alignnone size-medium wp-image-91\" title=\"Chandal modelo 05\" src=\"http:\/\/www.uniformesto\u00f1imartin.es\/wp-content\/uploads\/2011\/04\/chandal05-300x295.png\" alt=\"\" width=\"300\" height=\"295\" \/><\/a>\n<\/div>\n<div class=\"col-derecha\">\n<h2>Modelo 05<\/h2>\n<p class=\"small\">ref. #1543_67<\/p>\n<ul class=\"caracteristicas\">\n<li>100% POLI\u00c9STER<\/li>\n<li>80% POLI\u00c9STER 20% ALGOD\u00d3N<\/li>\n<li>50% POLI\u00c9STER 50% ALGOD\u00d3N<\/li>\n<\/ul>\n<p><img src=\"http:\/\/www.uniformesto\u00f1imartin.es\/wp-content\/uploads\/2011\/02\/color1.png\"\/><\/p>\n<\/div>\n<div class=\"clear\"><\/div>\n<\/div>\n<div class=\"articulo-last\">\n<div class=\"col-izquierda\">\n<a href=\"http:\/\/www.uniformesto\u00f1imartin.es\/wp-content\/uploads\/2011\/04\/chandal06.png\"><img loading=\"lazy\" class=\"alignnone size-medium wp-image-91\" title=\"Chandal modelo 06\" src=\"http:\/\/www.uniformesto\u00f1imartin.es\/wp-content\/uploads\/2011\/04\/chandal06-300x294.png\" alt=\"\" width=\"300\" height=\"294\" \/><\/a>\n<\/div>\n<div class=\"col-derecha\">\n<h2>Modelo 06<\/h2>\n<p class=\"small\">ref. #1543_65<\/p>\n<ul class=\"caracteristicas\">\n<li>100% POLI\u00c9STER<\/li>\n<li>80% POLI\u00c9STER 20% ALGOD\u00d3N<\/li>\n<li>50% POLI\u00c9STER 50% ALGOD\u00d3N<\/li>\n<\/ul>\n<p><img src=\"http:\/\/www.uniformesto\u00f1imartin.es\/wp-content\/uploads\/2011\/02\/color1.png\"\/><\/p>\n<\/div>\n<div class=\"clear\"><\/div>\n<\/div>\n","protected":false},"excerpt":{"rendered":"<p>Modelo 01 ref. #1543_63 100% POLI\u00c9STER 80% POLI\u00c9STER 20% ALGOD\u00d3N 50% POLI\u00c9STER 50% ALGOD\u00d3N Modelo 02 ref. #1543_64 100% POLI\u00c9STER 80% POLI\u00c9STER 20% ALGOD\u00d3N 50% POLI\u00c9STER 50% ALGOD\u00d3N Modelo 03 [&hellip;]<\/p>\n","protected":false},"author":1,"featured_media":0,"parent":0,"menu_order":0,"comment_status":"open","ping_status":"open","template":"","meta":[],"_links":{"self":[{"href":"https:\/\/xn--uniformestoimartin-x0b.es\/index.php?rest_route=\/wp\/v2\/pages\/90"}],"collection":[{"href":"https:\/\/xn--uniformestoimartin-x0b.es\/index.php?rest_route=\/wp\/v2\/pages"}],"about":[{"href":"https:\/\/xn--uniformestoimartin-x0b.es\/index.php?rest_route=\/wp\/v2\/types\/page"}],"author":[{"embeddable":true,"href":"https:\/\/xn--uniformestoimartin-x0b.es\/index.php?rest_route=\/wp\/v2\/users\/1"}],"replies":[{"embeddable":true,"href":"https:\/\/xn--uniformestoimartin-x0b.es\/index.php?rest_route=%2Fwp%2Fv2%2Fcomments&post=90"}],"version-history":[{"count":2,"href":"https:\/\/xn--uniformestoimartin-x0b.es\/index.php?rest_route=\/wp\/v2\/pages\/90\/revisions"}],"predecessor-version":[{"id":210,"href":"https:\/\/xn--uniformestoimartin-x0b.es\/index.php?rest_route=\/wp\/v2\/pages\/90\/revisions\/210"}],"wp:attachment":[{"href":"https:\/\/xn--uniformestoimartin-x0b.es\/index.php?rest_route=%2Fwp%2Fv2%2Fmedia&parent=90"}],"curies":[{"name":"wp","href":"https:\/\/api.w.org\/{rel}","templated":true}]}}